es 24 divide 34032?
True
Is 176 a factor of 121792?
True
Does 251 divide 5057650?
True
Does 118 divide 49325?
False
Is 9 a factor of 592920?
True
Does 28 divide 636356?
True
Is 13314364 a multiple of 30?
False
Is 212 a factor of 1377799?
False
Is 6543432 a multiple of 63?
True
Does 468 divide 937872?
True
Is 2506758 a multiple of 11?
False
Is 20 a factor of 753689?
False
Is 113 a factor of 264566?
False
Is 2799527 a multiple of 32?
False
Is 165164 a multiple of 526?
True
Does 13 divide 8036873?
True
Does 9 divide 1009183?
False
Is 367284 a multiple of 241?
True
Is 1028600 a multiple of 37?
True
Does 242 divide 884524?
False
Is 7662798 a multiple of 687?
True
Does 168 divide 999200?
False
Is 5019660 a multiple of 20?
True
Does 62 divide 225545?
False
Does 56 divide 44520?
True
Is 77 a factor of 26034?
False
Does 334 divide 17815067?
False
Is 217 a factor of 257099?
False
Does 662 divide 2819368?
False
Is 48 a factor of 1891777?
False
Does 19 divide 278996?
True
Does 648 divide 203272?
False
Is 367081 a multiple of 22?
False
Is 258282 a multiple of 9?
True
Does 242 divide 1565715?
False
Is 1052603 a multiple of 167?
False
Does 92 divide 184092?
True
Is 183 a factor of 6320?
False
Does 4 divide 3000109?
False
Is 825419 a multiple of 9?
False
Is 1279721 a multiple of 79?
True
Does 56 divide 5813?
False
Does 90 divide 999990?
True
Is 987967 a multiple of 124?
False
Is 60 a factor of 1149540?
True
Is 13 a factor of 182728?
True
Is 2 a factor of 36127?
False
Is 316 a factor of 156770?
False
Is 106816 a multiple of 49?
False
Does 102 divide 136709?
False
Is 60 a factor of 2537640?
True
Does 405 divide 170657?
False
Does 58 divide 48739?
False
Does 291 divide 820997?
False
Is 263 a factor of 916978?
False
Is 27 a factor of 212345?
False
Is 30422 a multiple of 14?
True
Is 52 a factor of 122078?
False
Is 1709452 a multiple of 17?
True
Is 87 a factor of 498659?
False
Is 22 a factor of 846516?
True
Is 301584 a multiple of 61?
True
Does 13 divide 358124?
True
Is 917 a factor of 2500322?
False
Is 568 a factor of 4920584?
True
Does 58 divide 1616982?
True
Is 99776 even?
True
Is 281 a factor of 927300?
True
Does 130 divide 6358207?
False
Does 18 divide 1164762?
True
Does 13 divide 4804461?
False
Is 492 a factor of 171708?
True
Does 47 divide 201348?
True
Is 3 a factor of 194205?
True
Is 8 a factor of 16176?
True
Does 1062 divide 10692735?
False
Is 20 a factor of 9599120?
True
Is 155 a factor of 2253545?
True
Is 1658712 a multiple of 1133?
True
Does 6 divide 66192?
True
Does 23 divide 20884?
True
Does 639 divide 4850?
False
Is 1030 a factor of 11573722?
False
Does 71 divide 4696215?
False
Does 10 divide 2273510?
True
Is 56 a factor of 204429?
False
Does 351 divide 387504?
True
Does 417 divide 326154?
False
Is 1482 a factor of 1224522?
False
Is 7379147 a multiple of 15?
False
Is 34 a factor of 435166?
True
Does 45 divide 376425?
True
Is 145 a factor of 20155?
True
Is 119801 a multiple of 9?
False
Is 35 a factor of 13545?
True
Is 31 a factor of 1108994?
True
Does 25 divide 6924947?
False
Is 11 a factor of 65316?
False
Is 242 a factor of 25147?
False
Does 25 divide 1280950?
True
Is 31 a factor of 15377862?
False
Is 81 a factor of 3474495?
True
Is 580094 a multiple of 42?
False
Is 78 a factor of 6554999?
False
Does 266 divide 7960500?
False
Does 3 divide 1475600?
False
Is 21211101 a multiple of 445?
False
Does 129 divide 1454604?
True
Does 35 divide 1301349?
False
Is 19 a factor of 3502005?
False
Is 148 a factor of 64232?
True
Is 9555403 a multiple of 346?
False
Is 25 a factor of 3089525?
True
Is 5 a factor of 336035?
True
Is 5557272 a multiple of 14?
True
Is 393657 a multiple of 1661?
True
Is 10 a factor of 38518?
False
Is 991088 a multiple of 39?
False
Does 13 divide 952814?
False
Is 596 a factor of 2397291?
False
Is 372754 a multiple of 30?
False
Is 55437 a multiple of 2?
False
Is 11229 a multiple of 15?
False
Does 82 divide 913890?
True
Is 51 a factor of 1182792?
True
Does 482 divide 687555?
False
Is 6207180 a multiple of 210?
True
Is 578332 a multiple of 92?
False
Is 73 a factor of 10228935?
False
Is 812550 a multiple of 230?
False
Is 1818960 a multiple of 572?
True
Does 202 divide 4843495?
False
Is 6 a factor of 105494?
False
Is 9048248 a multiple of 115?
False
Does 107 divide 134095?
False
Is 4 a factor of 217634?
False
Is 719 a factor of 870664?
False
Is 159 a factor of 1062570?
False
Does 798 divide 4410299?
False
Is 42 a factor of 1519084?
False
Is 6 a factor of 567624?
True
Does 70 divide 332428?
False
Does 20 divide 585618?
False
Is 338 a factor of 243360?
True
Does 131 divide 10325158?
True
Does 4 divide 1068837?
False
Does 8 divide 263152?
True
Does 18 divide 315918?
True
Is 63 a factor of 821457?
True
Does 18 divide 9298975?
False
Is 54 a factor of 9500152?
False
Does 71 divide 223082?
True
Is 52 a factor of 158366?
False
Is 6282738 a multiple of 154?
True
Is 8216620 a multiple of 1244?
True
Does 19 divide 78016?
False
Is 410533 a multiple of 31?
True
Is 13990992 a multiple of 87?
True
Is 17 a factor of 310879?
True
Is 1422648 a multiple of 24?
True
Does 54 divide 89856?
True
Does 19 divide 60895?
True
Does 32 divide 267904?
True
Is 8 a factor of 107152?
True
Is 191666 a multiple of 37?
False
Does 10 divide 212290?
True
Is 21 a factor of 243348?
True
Is 282141 a multiple of 174?
False
Is 374 a factor of 565488?
True
Is 223 a factor of 150738?
False
Is 2 a factor of 1233624?
True
Is 2128875 a multiple of 525?
True
Does 21 divide 12306?
True
Does 10 divide 157440?
True
Is 34360 a multiple of 10?
True
Is 13662 a multiple of 27?
True
Is 121814 a multiple of 53?
False
Is 109 a factor of 801913?
True
Does 2 divide 124212?
True
Is 2241200 a multiple of 65?
True
Does 103 divide 1396577?
True
Is 744570 a multiple of 11?
False
Does 2 divide 390903?
False
Does 330 divide 305400?
False
Is 484932 a multiple of 12?
True
Does 83 divide 65487?
True
Is 281300 a multiple of 442?
False
Is 109044 a multiple of 13?
True
Is 17 a factor of 102284?
False
Does 13 divide 261564?
False
Is 60 a factor of 5353680?
True
Is 77636 a multiple of 4?
True
Does 994 divide 10276169?
False
Is 268641 a multiple of 9?
True
Is 64 a factor of 574528?
True
Is 3910105 a multiple of 58?
False
Is 568613 a multiple of 41?
False
Is 369 a factor of 572688?
True
Is 7759808 a multiple of 16?
True
Is 600673 a multiple of 55?
False
Is 135 a factor of 232182?
False
Does 11 divide 327569?
True
Is 107 a factor of 24488?
False
Is 55 a factor of 1604460?
True
Does 12 divide 52253?
False
Is 342837 a multiple of 9?
True
Is 71211 a multiple of 42?
False
Does 6 divide 1370005?
False
Is 157000 a multiple of 755?
False
Is 160 a factor of 5633398?
False
Is 7 a factor of 262420?
False
Does 44 divide 8109855?
False
Is 288 a factor of 5028480?
True
Does 4 divide 163816?
True
Is 321736 a multiple of 614?
True
Is 10 a factor of 36379?
False
Is 17 a factor of 18245?
False
Is 1017184 a multiple of 304?
True
Is 11 a factor of 135751?
True
Does 10 divide 614916?
False
Is 75072 a multiple of 17?
True
Is 335147 a multiple of 16?
False
Is 54 a factor of 638438?
False
Is 13823450 a multiple of 19?
True
Does 32 divide 62176?
True
Is 4 a factor of 3184?
True
Is 190 a factor of 9304843?
False
Does 896 divide 513408?
True
Does 505 divide 3650882?
False
Is 181114 a multiple of 12?
False
Is 10 a factor of 671349?
False
Is 1106 a multiple of 15?
False
Does 174 divide 842682?
True
Does 11 divide 14509?
True
Is 179136 a multiple of 96?
True
Is 483 a factor of 85008?
True
Is 17 a factor of 1482171?
False
Is 11 a factor of 234091?
True
Does 3 divide 7505?
False
Does 62 divide 85058?
False
Is 12 a factor of 174671?
False
Is 187 a factor of 37400?
True
Is 197 a factor of 165480?
True
Is 459783 a multiple of 632?
False
Is 409 a factor of 25358?
True
Is 1247618 a multiple of 313?
True
Does 107 divide 1060263?
True
Does 60 divide 974760?
True
Is 209743 a multiple of 59?
False
Is 1222096 a multiple of 17?
True
Does 171 divide 39915?
False
Is 178140 a multiple of 20?
True
Does 38 divide 5776?
True
Is 619668 a multiple of 7?
True
Does 22 divide 222178?
True
Is 268785 a multiple of 15?
True
Does 2 divide 6046?
True
Is 9693996 a multiple of 6?
True
Does 327 divide 187803?
False
Is 21 a factor of 62391?
True
Does 348 divide 246445?
False
Does 